+ 236. What is the hundreds digit of a?
1
Let p be -2 + (4 - 0) - 1. Suppose -p - 3 = -i. What is the units digit of i?
4
Suppose -7 = -j + 8. Suppose 3 = 2*x - 7. Suppose -5 + j = x*t. What is the units digit of t?
2
Suppose -13*p = -12*p - 127. What is the hundreds digit of p?
1
Suppose 0 = 3*r + 4*i + 6, -2*i = 2*r + 2. Suppose 0 = -3*v + v - r. What is the units digit of v*(-7 - 2*-1)?
5
Suppose -9*n - 1960 = -17*n. What is the units digit of n?
5
Let u = 11 - 9. Suppose -3 = -u*a + 2*n + 9, -3*a = 3*n - 12. What is the units digit of a?
5
Let t = 12 - 5. Let x = 7 - t. Suppose 4*m - 20 = -2*f, x = 2*m - 5*m - 3*f + 21. What is the units digit of m?
3
What is the units digit of (-1)/(2/(-10)*1)?
5
Suppose 3*j - 224 = 103. What is the units digit of j?
9
Let y(c) = c + 5. Let b be y(-3). Suppose 0 = -b*u - u. What is the units digit of u + 2 - -5 - 2?
5
Let w = -34 - -90. What is the units digit of w?
6
Suppose -76 = -3*g + g. What is the tens digit of g?
3
Let i(f) = 3*f**2 - 19*f + 9. What is the units digit of i(8)?
9
Suppose -4*m = -10 - 10. What is the units digit of m?
5
Suppose w - 211 = -3*x - 3*w, -6 = 3*w. Let v = x - 45. What is the units digit of v?
8
Let d = -49 - -4. What is the units digit of d/(-4) + 3/(-12)?
1
What is the units digit of 21/(-9)*(-18)/2?
1
Let y = 305 - 118. Suppose -2*c = 4*z - 198, -2*z - 5*c - 68 = -y. What is the units digit of z?
7
Suppose 2*r - 89 = -k, 2*r + r + 5*k = 151. What is the tens digit of r?
4
Suppose t + 5 = 0, y + t + 16 = -t. Let d = y - -3. Let j = d + 7. What is the units digit of j?
4
Suppose -4*f = -3*p + 4*p + 4, 0 = 4*p + f - 29. What is the units digit of p?
8
Let w be 2*2 + -2 - 0. Let p(j) = 2*j**3 - j**2 + 2*j - 1. Let o be p(1). What is the units digit of 8 - o - (-2)/w?
7
Let u = -17 - -21. Suppose -4*w + 5*w - 136 = -u*i, -4*w + 148 = 4*i. What is the units digit of i?
3
Suppose -4*m + 723 - 239 = 0. What is the units digit of m?
1
Let h = -29 - -56. What is the tens digit of h?
2
Suppose -h + 280 = 4*c - 4*h, -3*c - 3*h = -189. What is the units digit of c?
7
Let o(x) = -x**2 + x - 1. Let b(h) = 5*h**2 + h + 8. Let s(k) = b(k) + 4*o(k). Let f be s(-5). Suppose 0*m = -f*m + 24. What is the units digit of m?
6
Suppose -9*q + 15 = -4*q. Suppose 0*l = -4*l + 24. Suppose q*u - 9 = -2*d, 2*d - l*d = 2*u - 22. What is the units digit of d?
6
Suppose 3*b + 4*p - 1 = 0, -5*b - p - 9 = 3*p. Let m = b - -6. What is the units digit of m?
1
Suppose -d - 7 = -3*x + 1, -d + 5*x = 14. What is the units digit of 598/39 + d/(-3)?
5
Let p be (-18)/(-7)*1*-21. Let s be (-4)/(-18) + 12/p. Suppose s = -0*w - 4*w + 24. What is the units digit of w?
6
Suppose 68 = 4*i - 68. What is the tens digit of i?
3
Suppose 0*y + 2*y + 16 = 4*o, -5*y + 8 = 2*o. Suppose -o*r - 29 = -2*v + r, 0 = 5*v - 4*r - 30. Suppose -v*j = -j - 8. What is the units digit of j?
8
Suppose 4*i - 5 = 4*d - 1, -2*d + 5*i - 8 = 0. Let c = 9 + d. What is the tens digit of c?
1
Let j(o) = -o**2 + 5*o - 4. Let y be j(3). Suppose t = 2*q + 3 + 2, -5*q - y = -t. What is the units digit of t?
7
Suppose 4*u = 3*n - 779, 3*n - u - 739 = 25. What is the units digit of n?
3
Suppose 2*g + 4*j = 4, 5*g = -0*g + 2*j - 2. Suppose -5*z + 30 = -g*z. What is the units digit of z?
6
Let o be (-13)/(-3) + (-18)/(-27). Suppose o*g + 1 - 126 = 0. What is the tens digit of g?
2
Let u(t) = -4 - 4*t + 3*t + t - 3*t. What is the units digit of u(-4)?
8
Let a(h) = -h**3 - 7*h**2 - 7*h + 5. Let d be a(-6). Let n(s) = s**3 + s**2 + s. Let c be n(-2). What is the units digit of d/3 + 4/c?
3
Let s be -1*3/(-3)*5. Suppose 0 = 2*w + 1 - s. Suppose -w*b + 13 = -11. What is the units digit of b?
2
Let b(c) = 1. Let v(h) = h - 10. Let k(o) = -3*b(o) - v(o). Let w be k(7). Suppose 4*l = -w*l + 4. What is the units digit of l?
1
What is the tens digit of -2 + 1 + -2 + 53?
5
Let q(w) = -w + 3. Suppose -11 - 9 = 4*k. Let t = 2 + k. What is the units digit of q(t)?
6
Let s = 1 - -1. Let y(u) = 2*u**3 - 3*u**2. Let j be y(s). Suppose -j*q - 9 = -q, 0 = -3*p - 4*q + 9. What is the units digit of p?
7
Let c(q) = -3*q - 29. What is the units digit of c(-10)?
1
Let c be (-2)/(-9) - (-238)/63. Suppose c*f - 88 = 4*h, -6*f = -2*f + 5*h - 70. What is the tens digit of f?
2
Let j(a) = 5*a + 15 + a**2 - a - 5*a. What is the tens digit of j(0)?
1
Let p = 116 - 79. What is the tens digit of p - (-12)/(-4) - 2?
3
Let w(k) be the second derivative of k**5/20 + k**4/3 - 2*k**3/3 - k**2/2 - 3*k. What is the units digit of w(-4)?
5
Let g = 5 - 1. Suppose -g = -q + 3. Suppose 4*u = -5*l + 33, -4*l - 4*u + 21 + q = 0. What is the units digit of l?
5
Let q(w) = 3*w**2 + w - 1. Let l be q(1). Suppose -l*x - 2*x = -55. What is the units digit of x?
1
Let c be 3 - (4 - (16 - -2)). Suppose 2*q = -3*q. Suppose q = 2*p - p - c. What is the tens digit of p?
1
Let l(i) = i**3 + 6*i**2 + 3*i - 2. Let u = 5 - 9. What is the tens digit of l(u)?
1
Suppose 0 = -8*v + 406 + 18. What is the tens digit of v?
5
Let r(m) = 9*m + 244. What is the units digit of r(0)?
4
Suppose 0 = -6*l + 5*l + 11. Suppose -3 - l = -2*u. What is the units digit of u?
7
Let k = -34 - -70. Suppose h + 12 = 3*h. Suppose 4*l = 4*o + 52, -h*o = -2*l - 2*o + k. What is the units digit of l?
8
Let u(f) = 17*f**2 - 3*f + 1. What is the units digit of u(2)?
3
Suppose -2*l + 4*g + 31 = -87, -111 = -2*l - 3*g. What is the tens digit of l?
5
What is the tens digit of 2*(10/40 - (-322)/8)?
8
Suppose -2*q = -5*q - 9. What is the units digit of -3 + q + 33 + 1?
8
Suppose 0*k = -4*d + 2*k + 476, 0 = -d + k + 117. What is the hundreds digit of d?
1
Suppose 0 = -5*p + 4*h - 9 + 80, -3*p = -4*h - 41. What is the units digit of p?
5
Let n(h) = -h**2 + 13*h - 13. Let k(y) = -y**3 + y**2 + 9. Let a be k(0). What is the tens digit of n(a)?
2
Suppose -5*q + 5*d = -0*d, -2*d = 6. Let i = q - -5. What is the units digit of 6/((i + 0)/2)?
6
Suppose 5*p + 4*p - 27 = 0. What is the units digit of p?
3
Let d be (-30)/(-7) + (-2)/7. Let n be 1*-3*d/(-6). Suppose -14 = -3*b + n*b. What is the tens digit of b?
1
Let v(z) = -3*z. Let o be v(-2). Suppose 16 = -2*h + o*h. Suppose h*j + 4*t - 30 = 2*t, -5*t = -2*j - 3. What is the units digit of j?
6
Let t(n) = -4*n - n - 2*n - 5 + n**2. What is the units digit of t(8)?
3
Let i = -42 + 11. Let z = i + 44. What is the units digit of z?
3
Let a(k) = k**2 - 6*k - 8. Let v be a(6). Let m(z) = -7*z - 13. Let o(h) = -20*h - 38. Let s(b) = -14*m(b) + 5*o(b). What is the units digit of s(v)?
8
Let y = 16 - 10. What is the units digit of 21/y - 2/4?
3
Suppose -2*n - l + 3*l + 14 = 0, -3*n - 3*l + 15 = 0. What is the tens digit of (-36)/14*(-28)/n?
1
Let o(u) = -u**2 + u + 12. Let h(y) = -y - 2 - 2*y + 4*y - 2*y. Let d be h(-2). What is the tens digit of o(d)?
1
Let w be (2/1)/(3/27). Let r = 26 - w. Suppose u = 2*f - 3 + r, -u = -4*f - 5. What is the units digit of u?
5
Let s = 89 + 5. What is the units digit of (-4)/6 - s/(-6)?
5
Let g = 8 - 6. Suppose -4*p + 70 = 5*o, 2*p = -g*p - 2*o + 64. What is the tens digit of p?
1
Let q be 2/7 - (-52)/14. Suppose 4*u = -36 - q. Let o = -3 - u. What is the units digit of o?
7
Suppose 7*o - 6*o = 40. What is the tens digit of o?
4
Suppose 4*l + l = -3*x - 16, 5*l + 40 = 5*x. Suppose j = 5, x*z - 5*j - 71 + 6 = 0. What is the tens digit of z?
3
Let c = 12 - 10. Suppose 4*k + 2 = c*k, 0 = 3*f + 4*k - 71. What is the units digit of f?
5
Let i(n) = 19*n - 2. Let q be i(-3). Let o = -41 - q. What is the tens digit of o?
1
Let r be 4/16 - 74/8. Let d(a) = 5*a + 2. Let p(c) = 4*c + 2. Let x(f) = 3*d(f) - 4*p(f). What is the units digit of x(r)?
7
Let a(o) = -o**2 - 17*o - 27. What is the units digit of a(-14)?
5
Let v = -19 - -58. Let f = 68 - v. Suppose -3*z = 2*g - 18, -4*z - g + f = -0*g. What is the units digit of z?
8
Suppose 2*f = 45 - 3. What is the tens digit of f?
2
Let z(k) = k + 11. Let y be z(-6). Suppose -6 = y*v - 3*o, v - 2*v - 10 = -5*o. Suppose v*n - 2*n + 2 = 0. What is the units digit of n?
1
Let j(c) = -4*c + 24. Let y(k) = -3*k + 23. Let l(o) = -4*j(o) + 5*y(o). What is the units digit of l(-10)?
9
Let t = -147 + 295. What is the hundreds digit of t?
1
Let v = -11 + 15. Let s = -2 - v. What is the units digit of 9 + 4/(s/3)?
7
Suppose -2*c - 5*m + 97 = 0, c = 4*